at is the highest common factor of s and t?
6
Suppose 40*r + 336 = 2*q + 37*r, 840 = 5*q - 3*r. Calculate the highest common factor of 21 and q.
21
Let l be -19 - (-39994 + 7 - -23). Calculate the highest common divisor of 30 and l.
15
Let p = -8453 - -10189. What is the highest common divisor of p and 8?
8
Let f = -33 + 100. Suppose -6*j + 79 = f. What is the greatest common divisor of j and 4?
2
Suppose 3*a + 3*h - 6477 = 0, -a - 5*h = -1036 - 1095. What is the greatest common factor of a and 1026?
114
Let r = 1661 - 1356. What is the highest common factor of 2257 and r?
61
Let v be 16 + (14 - -34 - 14). What is the greatest common divisor of v and 250?
50
Suppose 53*c = 92*c - 772 - 944. What is the highest common factor of 32 and c?
4
Suppose 4*i = -0*m + 3*m - 152, 5*m - 210 = -2*i. Calculate the greatest common divisor of 1160 and m.
4
Let q(o) = -8*o**2 - o + 1. Let i be q(1). Let g be (4 - 921/(-12)) + 6/i. Calculate the highest common factor of 40 and g.
40
Let u be 10806/30 + 9 - 2/10. Let a = u + -321. Let n = -33 - -57. What is the greatest common factor of n and a?
24
Let y be (0 + 1)*(2 + 849). Let q = y + -850. What is the highest common divisor of 37 and q?
1
Let s = 587 - 467. Suppose -5*a - s = -19*t + 14*t, -5*t = -3*a - 120. Calculate the highest common factor of t and 3.
3
Let s(m) = m**3 - 29*m**2 - 16*m - 4. Let r(y) = 7*y - 54. Let j be r(12). Let p be s(j). Calculate the highest common factor of 32 and p.
32
Suppose t - 3*i - 566 = -t, 5*i = -3*t + 830. Let l be (-93)/(-6*(-9)/(-36)). Suppose -l*n = -73*n + 616. Calculate the highest common divisor of n and t.
56
Suppose 5*u = -c + 6296, 3*c - 3804 = -3*u + 9*c. Calculate the greatest common factor of u and 2340.
180
Let i(n) = -261*n + 54. Let w be i(-2). What is the highest common divisor of 450 and w?
18
Let t = -2908 + 3038. Calculate the greatest common divisor of 1898 and t.
26
Suppose 59 = 5*d - u, 2*u = 48*d - 49*d + 14. What is the greatest common factor of d and 972?
12
Suppose f - 4*l - 100 = 0, -l + 4 = 9. Let u be 1 + (39 + -4)/(-7). Let s be 5/(-10)*u*(2 - -14). Calculate the highest common divisor of f and s.
16
Let l(u) = u**2 - 16*u + 59. Let t be l(5). Suppose -t*z + 42 = -46. Calculate the greatest common divisor of z and 11.
11
Let d(w) = 374*w + 1587. Let j be d(8). What is the greatest common divisor of j and 19?
19
Let t be (77/33 + 33/9)*407. What is the highest common divisor of t and 148?
74
Let o = 472 + -484. Let j(g) = -g**3 - 8*g**2 + 41*g - 12. Let i be j(o). What is the greatest common factor of i and 96?
24
Suppose 0 = q + 2, 2*j - 65 = -q + 13. Suppose z - 27 = -3*d, -141*z = 2*d - 136*z - 31. Calculate the highest common divisor of d and j.
8
Let m = -16 - -20. Suppose 5*u - 255 = -3*k, -m*u + 2*k + 206 = 4*k. Let w be ((-14)/21)/((-1)/u). What is the greatest common divisor of w and 24?
12
Let r be 120/(-32)*(53 + -5)*-1. Calculate the greatest common divisor of r and 216.
36
Let h be 530968/7688 + (2/(-31) - 0). What is the greatest common divisor of h and 4?
1
Let o = -4257 - -4413. Calculate the greatest common divisor of o and 884.
52
Suppose 3*t - 2*x + 0 = -5, 0 = 2*t + 2*x. Let j be t/6 - (-505)/6. Let u = 83 - 27. Calculate the greatest common factor of u and j.
28
Suppose 0 = 81*r - 51*r - 49*r + 34846. What is the highest common factor of 21 and r?
7
Let g be (-4)/((-2)/(-1)) - -122. Let v(z) = z**2 - 5*z + 78. Let i be v(-22). Suppose 33*l - i = 5*l. What is the greatest common factor of l and g?
24
Let b be 8/4 + -1 - 0. Let y be 38 + 1/(3*b/6). What is the highest common divisor of 5 and y?
5
Suppose 3*c = -p + 1500, 10*p - 5*p - 514 = -c. Suppose -4 + c = 11*s. What is the greatest common divisor of s and 99?
9
Let s be (714/(-595))/((-6)/1060 - 0). Let w = -117 - -170. Calculate the greatest common divisor of s and w.
53
Let a = 62 + 13. Let o be -4*(-5)/6 + (-15)/(-9). Suppose 130 = 5*f + o*d, 3*f - 9*d = -5*d + 71. Calculate the greatest common factor of f and a.
25
Suppose -10*f = -11*f + 4. Suppose -9*a + 175 = -f*a. Let c = -6 - -11. Calculate the greatest common divisor of a and c.
5
Suppose -4*d - 50*l + 36 = -54*l, -37 = -5*d + l. Let u be (-20 + 2)*2/4. Let y be 208/28 + u/21. What is the highest common factor of d and y?
7
Let b(p) = 2*p**3 - 43*p**2 + 36*p - 306. Let v be b(21). What is the greatest common factor of 4215 and v?
3
Let r = 656 + 864. What is the highest common factor of 228 and r?
76
Suppose 200 + 312 = 16*r. Let a be (-15)/20*5*r/(-12). Calculate the highest common factor of 90 and a.
10
Suppose -o + 22 = -166. Let r = 206 - o. Let q(t) = -t**3 + 5*t**2 + t + 4. Let g be q(5). Calculate the highest common factor of g and r.
9
Let l(c) = -2*c**3 + 75*c**2 + 40*c - 74. Let n be l(38). Calculate the highest common divisor of 11 and n.
1
Let f be (-29 - -43)/((-8)/(-5460)). Calculate the greatest common divisor of 975 and f.
195
Let m = 44 - 41. Let k be (-4 + 3 + -9)/((-2)/m). Calculate the highest common factor of 15 and k.
15
Let u = -17542 - -20126. Calculate the highest common factor of 48 and u.
8
Suppose 0*u + 3*u = 469 - 418. Let a be 1 + 62/(-3)*-3*3. Calculate the greatest common factor of a and u.
17
Suppose j = -7*j + 80. Suppose -4*n - 5*p + 219 = 0, j*n - 9*n - 2*p - 58 = 0. Suppose -5*k + 14 = -3*k. Calculate the highest common factor of k and n.
7
Suppose -3*g + 78 + 30 = 5*q, 0 = -q + 5*g + 16. What is the greatest common divisor of q and 203?
7
Suppose -4*p - 316 = -4*s, -42*p + 37*p + 186 = 2*s. Suppose 20 = -7*x + s. Calculate the highest common factor of 927 and x.
9
Let i(w) = 26*w**3 - 2*w**2 + 4*w - 8. Let l be i(2). Let k = 248 - l. Calculate the greatest common divisor of 18 and k.
6
Let h be 1/2 + (-445)/(-178). What is the highest common divisor of h and 683?
1
Let i(j) = -j**2 - 609*j - 8822. Let x be i(-15). Calculate the highest common divisor of x and 7436.
44
Let d = 7329 - 7193. Calculate the greatest common factor of 459 and d.
17
Let h be (-24)/9*9/(-6) + 12 + 5054. Calculate the highest common divisor of 312 and h.
78
Let s be 44/(-33) + (-12068)/(-42). Calculate the highest common factor of 22 and s.
22
Let m = 5305 - 5296. Calculate the highest common divisor of 2646 and m.
9
Let j = 12 - 8. Let c = -201141 - -201147. Calculate the highest common factor of j and c.
2
Let k = -129 - -225. Let t = -61 + k. Suppose -4*i + 2*z + 320 = -3*z, -2*z - 1066 = -15*i. Calculate the highest common divisor of i and t.
35
Let z = -37 + 97. Let f = -13092 + 13140. Calculate the highest common factor of f and z.
12
Suppose -2*c = q - 8022, -25*c + 2*q = -27*c + 8024. What is the highest common divisor of 10 and c?
10
Suppose 5*h - 502 - 308 = 0. Let z be (2/(-6))/(10/35*(-196)/1008). Calculate the highest common factor of h and z.
6
Let t be 2*((-2)/(-28)*-26)/((-28)/98). Calculate the highest common factor of t and 2002.
13
Suppose -217*y + 6700 = -227*y. Let l = 1279 + y. Calculate the highest common divisor of 21 and l.
21
Let x(j) = j + 1. Let s be (-8 + 2)/((-6)/4). Let w be x(s). Let n be 4 - ((-45)/w - -2). What is the greatest common factor of n and 110?
11
Suppose 728 = -8*l - 4*l + 68*l. What is the highest common factor of 44 and l?
1
Let g = 14531 - 9659. Calculate the greatest common factor of g and 16.
8
Let o(i) = -2*i**3 - 11*i**2 - i + 27. Let t be o(-5). Suppose -m - 4*m = -20, -2*m = -u + 84. Let a = u - 64. Calculate the highest common factor of a and t.
7
Let x(y) = -y**3 - 5*y**2 + 3*y - 14. Let b be x(-6). Suppose b*u + 5 = 21. Let d be u - (-18)/(6 + -3). Calculate the highest common divisor of d and 5.
5
Suppose 81*u - 62304 = -86*u + 35*u. Calculate the highest common factor of 6372 and u.
236
Let f = 240 + -156. Suppose -201 = -8*k + 3*p, -k + 3*p - 1005 + 1059 = 0. Calculate the highest common divisor of k and f.
21
Suppose a - 3*a + 3*c = -24, 5*a = 2*c + 60. Let f = 344 + -403. Let h = -47 - f. Calculate the greatest common divisor of a and h.
12
Suppose 2*a - 3*v - 40 = -v, -5*a - 3*v = -84. Let o be (116/145)/(2 - (-156)/(-75)). Let j be 3 + 4 + o/2. Calculate the greatest common factor of a and j.
2
Let v be 3/(87/145*(-1)/(-6)). What is the greatest common factor of v and 2910?
30
Let r(i) = i**2 + 27*i - 66. Let l be r(-30). Let m(g) 